{"id":5590,"date":"2020-09-05T07:29:42","date_gmt":"2020-09-05T07:29:42","guid":{"rendered":"http:\/\/sonifer.az\/?post_type=product&#038;p=5590"},"modified":"2020-09-05T08:08:44","modified_gmt":"2020-09-05T08:08:44","slug":"dograyici-sonifer-sf-8051","status":"publish","type":"product","link":"https:\/\/sonifer.az\/?product=dograyici-sonifer-sf-8051","title":{"rendered":"Do\u011fray\u0131c\u0131 Sonifer SF-8051"},"content":{"rendered":"","protected":false},"excerpt":{"rendered":"","protected":false},"featured_media":5595,"template":"","meta":[],"product_cat":[236],"product_tag":[],"_links":{"self":[{"href":"https:\/\/sonifer.az\/index.php?rest_route=\/wp\/v2\/product\/5590"}],"collection":[{"href":"https:\/\/sonifer.az\/index.php?rest_route=\/wp\/v2\/product"}],"about":[{"href":"https:\/\/sonifer.az\/index.php?rest_route=\/wp\/v2\/types\/product"}],"wp:featuredmedia":[{"embeddable":true,"href":"https:\/\/sonifer.az\/index.php?rest_route=\/wp\/v2\/media\/5595"}],"wp:attachment":[{"href":"https:\/\/sonifer.az\/index.php?rest_route=%2Fwp%2Fv2%2Fmedia&parent=5590"}],"wp:term":[{"taxonomy":"product_cat","embeddable":true,"href":"https:\/\/sonifer.az\/index.php?rest_route=%2Fwp%2Fv2%2Fproduct_cat&post=5590"},{"taxonomy":"product_tag","embeddable":true,"href":"https:\/\/sonifer.az\/index.php?rest_route=%2Fwp%2Fv2%2Fproduct_tag&post=5590"}],"curies":[{"name":"wp","href":"https:\/\/api.w.org\/{rel}","templated":true}]}}